ainder when 202 is divided by 41?
38
What is the remainder when 1307 is divided by 69?
65
What is the remainder when 13686 is divided by 117?
114
Calculate the remainder when 334 is divided by 14.
12
What is the remainder when 173 is divided by 43?
1
Calculate the remainder when 685 is divided by 8.
5
What is the remainder when 1889 is divided by 44?
41
What is the remainder when 210 is divided by 117?
93
What is the remainder when 409 is divided by 85?
69
What is the remainder when 49 is divided by 10?
9
Calculate the remainder when 123 is divided by 14.
11
What is the remainder when 2183 is divided by 52?
51
Calculate the remainder when 49 is divided by 9.
4
Calculate the remainder when 1178 is divided by 142.
42
Calculate the remainder when 241 is divided by 9.
7
Calculate the remainder when 335 is divided by 81.
11
Calculate the remainder when 1601 is divided by 23.
14
Calculate the remainder when 545 is divided by 15.
5
Calculate the remainder when 227 is divided by 91.
45
Calculate the remainder when 12 is divided by 2.
0
Calculate the remainder when 147 is divided by 38.
33
What is the remainder when 707 is divided by 20?
7
Calculate the remainder when 337 is divided by 324.
13
What is the remainder when 5877 is divided by 35?
32
What is the remainder when 371 is divided by 28?
7
What is the remainder when 129 is divided by 26?
25
Calculate the remainder when 561 is divided by 81.
75
Calculate the remainder when 4965 is divided by 142.
137
Calculate the remainder when 89 is divided by 25.
14
Calculate the remainder when 375 is divided by 146.
83
Calculate the remainder when 1320 is divided by 365.
225
What is the remainder when 481 is divided by 194?
93
What is the remainder when 224 is divided by 50?
24
Calculate the remainder when 463 is divided by 21.
1
Calculate the remainder when 154 is divided by 57.
40
What is the remainder when 142 is divided by 66?
10
Calculate the remainder when 2062 is divided by 69.
61
What is the remainder when 538 is divided by 15?
13
What is the remainder when 787 is divided by 53?
45
What is the remainder when 767 is divided by 10?
7
Calculate the remainder when 82416 is divided by 203.
201
What is the remainder when 324 is divided by 4?
0
Calculate the remainder when 298 is divided by 25.
23
What is the remainder when 685 is divided by 140?
125
Calculate the remainder when 750 is divided by 34.
2
Calculate the remainder when 368 is divided by 58.
20
Calculate the remainder when 2921 is divided by 485.
11
What is the remainder when 844 is divided by 121?
118
What is the remainder when 595 is divided by 290?
15
Calculate the remainder when 1031 is divided by 208.
199
What is the remainder when 272 is divided by 12?
8
Calculate the remainder when 2846 is divided by 28.
18
Calculate the remainder when 614 is divided by 8.
6
What is the remainder when 321 is divided by 9?
6
Calculate the remainder when 388 is divided by 16.
4
What is the remainder when 22 is divided by 18?
4
What is the remainder when 554 is divided by 29?
3
What is the remainder when 1037 is divided by 8?
5
What is the remainder when 4471 is divided by 1489?
4
Calculate the remainder when 409 is divided by 10.
9
What is the remainder when 4053 is divided by 28?
21
What is the remainder when 767 is divided by 20?
7
What is the remainder when 72 is divided by 62?
10
Calculate the remainder when 93 is divided by 67.
26
Calculate the remainder when 4210 is divided by 49.
45
What is the remainder when 113 is divided by 38?
37
Calculate the remainder when 945 is divided by 136.
129
What is the remainder when 307 is divided by 91?
34
Calculate the remainder when 1307 is divided by 23.
19
Calculate the remainder when 235 is divided by 40.
35
What is the remainder when 2939 is divided by 16?
11
Calculate the remainder when 2404 is divided by 800.
4
Calculate the remainder when 370 is divided by 141.
88
What is the remainder when 743 is divided by 28?
15
What is the remainder when 743 is divided by 64?
39
Calculate the remainder when 579 is divided by 32.
3
What is the remainder when 160 is divided by 23?
22
What is the remainder when 243 is divided by 25?
18
What is the remainder when 632 is divided by 221?
190
What is the remainder when 1129 is divided by 21?
16
Calculate the remainder when 1022 is divided by 57.
53
Calculate the remainder when 5255 is divided by 36.
35
What is the remainder when 806 is divided by 61?
13
Calculate the remainder when 1184 is divided by 10.
4
Calculate the remainder when 86 is divided by 9.
5
What is the remainder when 143 is divided by 31?
19
Calculate the remainder when 7562 is divided by 361.
342
Calculate the remainder when 246 is divided by 31.
29
What is the remainder when 525 is divided by 76?
69
Calculate the remainder when 90 is divided by 34.
22
Calculate the remainder when 908 is divided by 905.
3
What is the remainder when 4905 is divided by 1634?
3
Calculate the remainder when 660 is divided by 110.
0
Calculate the remainder when 515 is divided by 43.
42
What is the remainder when 563 is divided by 153?
104
Calculate the remainder when 36098 is divided by 9.
8
What is the remainder when 752 is divided by 29?
27
Calculate the remainder when 157 is divided by 78.
1
Calculate the remainder when 52 is divided by 29.
23
Calculate the remainder when 266 is divided by 84.
14
What is the remainder when 275 is divided by 8?
3
What is the remainder when 194 is divided by 65?
64
What is the remainder when 1902 is divided by 68?
66
Calculate the remainder when 2385 is divided by 393.
27
What is the remainder when 100 is divided by 2?
0
Calculate the remainder when 5799 is divided by 58.
57
What is the remainder when 383 is divided by 6?
5
What is the remainder when 9749 is divided by 184?
181
Calculate the remainder when 7955 is divided by 109.
107
Calculate the remainder when 49 is divided by 19.
11
What is the remainder when 114 is divided by 22?
4
Calculate the remainder when 5448 is divided by 55.
3
Calculate the remainder when 291 is divided by 149.
142
Calculate the remainder when 373 is divided by 14.
9
What is the remainder when 2216 is divided by 2?
0
What is the remainder when 138 is divided by 45?
3
What is the remainder when 5474 is divided by 22?
18
What is the remainder when 7686 is divided by 52?
42
What is the remainder when 435 is divided by 21?
15
Calculate the remainder when 38 is divided by 27.
11
Calculate the remainder when 2059 is divided by 552.
403
Calculate the remainder when 133 is divided by 49.
35
What is the remainder when 2644 is divided by 54?
52
Calculate the remainder when 66 is divided by 39.
27
What is the remainder when 157 is divided by 72?
13
Calculate the remainder when 325 is divided by 66.
61
Calculate the remainder when 1282 is divided by 86.
78
Calculate the remainder when 31 is divided by 8.
7
Calculate the remainder when 83 is divided by 47.
36
Calculate the remainder when 270 is divided by 23.
17
Calculate the remainder when 24021 is divided by 154.
151
What is the remainder when 471 is divided by 168?
135
Calculate the remainder when 22651 is divided by 9.
7
Calculate the remainder when 535 is divided by 20.
15
Calculate the remainder when 20 is divided by 6.
2
What is the remainder when 130 is divided by 124?
6
What is the remainder when 27 is divided by 7?
6
Calculate the remainder when 265 is divided by 40.
25
Calculate the remainder when 20 is divided by 11.
9
Calculate the remainder when 692 is divided by 221.
29
What is the remainder when 72 is divided by 55?
17
Calculate the remainder when 869 is divided by 67.
65
What is the remainder when 69 is divided by 21?
6
What is the remainder when 485 is divided by 234?
17
Calculate the remainder when 222 is divided by 68.
18
Calculate the remainder when 4557 is divided by 53.
52
What is the remainder when 199 is divided by 37?
14
What is the remainder when 2223 is divided by 246?
9
What is the remainder when 696 is divided by 50?
46
What is the remainder when 325 is divided by 35?
10
Calculate the remainder when 468 is divided by 120.
108
Calculate the remainder when 2182 is divided by 59.
58
What is the remainder when 499 is divided by 5?
4
Calculate the remainder when 2467 is divided by 55.
47
What is the remain